12. What is the remainder when k is divided by 37?
31
Let g = 77 - 51. Suppose 5*i = -g + 91. Suppose -3*q + 6 = o - 8, -2*q - 5*o = -31. What is the remainder when i is divided by q?
1
Let u(o) = -3*o**3 - 18*o**2 - 35*o - 8. What is the remainder when u(-6) is divided by 118?
84
Let c(p) = -33*p + 6. Let l(o) = 5*o**2 - 166*o - 327. Calculate the remainder when c(-5) is divided by l(-2).
21
Let s(l) = -12*l - 3. Suppose -15*y = -13*y + 5*y - 42. What is the remainder when s(-3) is divided by y?
3
Let r = -5667 - -5720. What is the remainder when 222 is divided by r?
10
Let f(b) = -322*b + 691. What is the remainder when 1121 is divided by f(2)?
40
Suppose 0 = 4*x + 6 - 14. Suppose -7*v = -x*v + 4*o + 11, -2*v + 2*o = 8. Calculate the remainder when 207 is divided by (v/6)/(1/(-38)).
17
Suppose 2 = -2*p, -3*w - 124*p + 655 = -122*p. What is the remainder when w is divided by 21?
9
Suppose 415*s - 171600 = 15*s. What is the remainder when s is divided by 10?
9
Suppose -5*m - 5*k = -65, -2*m + 10 = -m + 4*k. Let s = 21 - m. Suppose 10*p - s*p = 177. Calculate the remainder when p is divided by 15.
14
Let d be 684/266 - (-6)/14. Suppose d*q + 20 = 110. What is the remainder when 171 is divided by q?
21
Suppose 216 - 3310 = -34*j. Calculate the remainder when 1180 is divided by j.
88
Let k = -12435 - -21503. Calculate the remainder when k is divided by 189.
185
Let k be 15/(-30) - 1/(2/(-1265)). Suppose k = -6*m - 2*m. Let b = -69 - m. What is the remainder when b is divided by 3?
1
Calculate the remainder when 1296 is divided by -7 + 415/55 + 822/66 - -7.
16
Suppose -4*s - 166 = -5*s - 5*j, 2*s + j = 377. Let z(g) = 3*g**2 - 98*g + 555. What is the remainder when s is divided by z(27)?
95
Let u(b) = b**3 - 3*b**2 - b + 15. Let h be u(0). What is the remainder when 16/40 + 309/h is divided by 4?
1
Let p be 26/3 + 3/9. Suppose -5*g + 70 = -90. Suppose -g*j = -31*j - p. What is the remainder when 70 is divided by j?
7
Let t(f) = -4*f**2 - 5*f**2 - 5 - 4 - f**3 - 2*f + 8*f**2. What is the remainder when 32 is divided by t(-3)?
2
Suppose -104*w - 448 = -118*w. Suppose -w*d = -d - 3255. What is the remainder when 522 is divided by d?
102
Let n(k) be the third derivative of k**4/3 - 13*k**3/6 - 50*k**2. What is the remainder when n(8) is divided by 16?
3
Let r(a) = -4*a**2 + a - 24. Let m be r(7). Let t = -195 - m. What is the remainder when 56 is divided by t?
2
Let d(n) = -n**2 + 14*n + 1839. What is the remainder when d(-30) is divided by 5?
4
Suppose -3*o + 1565 = -5*d - 77, 0 = 4*o - d - 2178. What is the remainder when o is divided by 40?
24
Let m be (-195)/520 + 3739/8. Let o = -409 + m. Calculate the remainder when 184 is divided by o.
10
Suppose 3*j - 4*i - 49 = 0, 4*j - 2*i - 27 = 45. Suppose 0 = -j*f + 14*f + 335. What is the remainder when 132 is divided by f?
65
Let g(w) = -w**2 + 47*w - 132. Let n be g(44). Suppose n = -24*r + 4693 + 2699. What is the remainder when r is divided by 52?
48
What is the remainder when 100/6*(-1920)/(-256) is divided by 18?
17
Suppose -25*g + 47 = -78. Suppose -6*l + 26 = -3*l - g*i, 4*l + i - 27 = 0. What is the remainder when 67 is divided by l?
4
Let j(y) = y**2 + 5*y + 21. Let f = -352 + 362. What is the remainder when j(f) is divided by 4?
3
Let s(x) = x**2 - 2*x - 23. Suppose 4*h = 2*h - 2*b + 10, -5*h + 70 = -4*b. Calculate the remainder when s(h) is divided by 31.
26
Suppose -15 = 2*t - 205. Let u = -8187 - -8190. Calculate the remainder when t is divided by u.
2
Let t = 36 - 8. Let c = t - 25. Suppose -28 = -5*v - 2*i + 5, 4*i - 31 = -c*v. Calculate the remainder when v is divided by 5.
0
Suppose 9*u - 230 = 4*u. Let s(a) = 56*a**2 - 4*a + 5. Let h be s(1). Let k = h - u. Calculate the remainder when 43 is divided by k.
10
Let m(i) = 207*i + 33. Let z(n) = -52*n - 8. Let c(a) = -5*m(a) - 21*z(a). What is the remainder when c(3) is divided by 9480/270 + (8/(-9))/8?
34
Let n(h) be the third derivative of -25*h**4/24 + 3*h**2. Let p be n(1). Let c = 1 - p. What is the remainder when c is divided by 9?
8
Calculate the remainder when 496 - (-3 + (11 - 8))/2 is divided by 29.
3
Suppose 102*u + 50788 = 37*u + 192358. Calculate the remainder when u is divided by 168.
162
Let k = -403 + 555. Suppose -31*y = -33*y + k. Calculate the remainder when y is divided by 8.
4
Suppose 3*y - 205 = -5*j, 0 = j - 0*j + y - 41. Suppose -20 = z - j. Calculate the remainder when z is divided by 16.
5
Suppose 5*h - 885 = -2*a, 4*h - 345 = 2*h + a. Suppose 0 = 5*t - c - h, 5*c + 24 + 59 = 3*t. What is the remainder when 213 is divided by t?
33
Let q(l) = 2*l**2 + 15*l + 31. Let v(y) = -y**3 + 5*y**2 + 14*y - 9. Let n be v(7). What is the remainder when 347 is divided by q(n)?
57
Let n = 4086 - 3557. Calculate the remainder when n is divided by 13.
9
Suppose 4*c = -s + 18, -6*s + s - 10 = 0. Suppose -2*z = -4*v - 6 + 20, 0 = -c*z - 3*v - 35. Let k = 6 - z. What is the remainder when 25 is divided by k?
12
Let w = -243898 - -243979. Suppose 0 = -3*h + 4*h - 238. What is the remainder when h is divided by w?
76
Let d be (-10 + 70/(-40))*(-1 + -3). Suppose -46*o + d*o - 71 = 0. Calculate the remainder when o is divided by 15.
11
Calculate the remainder when (-4 - ((-104)/18 + 2)) + (-75284)/(-198) is divided by 7.
2
Let y = -21 - -21. Suppose -5*h + 2 + 28 = y. Let z = -29 - -51. What is the remainder when z is divided by h?
4
Let o = -2679 - -2709. Calculate the remainder when 145 is divided by o.
25
Let o(q) = q**3 + 14*q**2 + 80*q + 648. Calculate the remainder when o(-9) is divided by 6.
3
Suppose -3*t - 6*t = -9. Let k(f) = -5*f + 5. Let s be k(t). Suppose 0 = 2*m - 10 - s. Calculate the remainder when 5 is divided by m.
0
Let f(d) = -8 + d**3 + 2*d + 3 - d**2 + 0 - 4. Let u be f(0). What is the remainder when 13 is divided by (30/(-8))/(u/24)?
3
Suppose 3*f - 1410 = -5*c + 859, -2*c = 2*f - 1518. Let n = f - 731. Calculate the remainder when 86 is divided by n.
22
Let m(v) = -16*v + 424. Let i be m(-26). Let y = 844 - i. Calculate the remainder when 26 is divided by y.
2
Let h be ((-8)/10)/((-10)/25)*1. Suppose -w = -2*o + o - 31, 3*w = -h*o + 98. Calculate the remainder when 158 is divided by w.
30
Suppose -235 = -2*o - 3*o. Let k = 99 + 611. Let w = 727 - k. Calculate the remainder when o is divided by w.
13
Suppose -5*p - 13 = v, -7 = 2*v - 4*p + 19. Let q = 65 - v. Let f(g) = -g**3 - 3*g**2 + 8*g + 10. Calculate the remainder when q is divided by f(-5).
18
Let b = -1085 - -1121. Let z(i) = 10*i + 15. Let f be z(5). Suppose 3*o - 253 - f = 0. Calculate the remainder when o is divided by b.
34
Let n(v) be the second derivative of v**5/20 - v**4/6 - v**3/3 + 3*v**2/2 - 29*v. Calculate the remainder when n(0) is divided by 1.
0
Let u(q) = -6 - 15*q**2 - 23*q**2 + 58*q**2 - 16*q**2 - 24*q**3. What is the remainder when u(-2) is divided by 34?
32
Let a = 552 - 182. Suppose 2*n = -8*n + a. What is the remainder when 61 is divided by n?
24
Let l(j) = 6*j - 46. Let p be l(8). Suppose 0 = 4*h + 16, p = -3*v + 2*h + 25. Calculate the remainder when 34 is divided by v.
4
Let l(z) = -25*z - 16. Let q be (-2 - -14)*1/(-3). Let v be l(q). Suppose -95*n - v = -99*n. What is the remainder when 35 is divided by n?
14
Let z(g) = -10*g - 16. Let d(v) = -v - 7. Let u(h) = -3*d(h) + z(h). Calculate the remainder when 663 is divided by u(-2).
17
Suppose 506*z - 1982 + 122 = 486*z. What is the remainder when 549 is divided by z?
84
Let l(q) = -6*q**3 - 29*q**2 - 100*q + 3. Calculate the remainder when l(-5) is divided by 76.
72
Let n(h) = -5*h - 55. Let u be n(-14). Suppose -3*l - i = -18, u = 5*l + 3*i - 19. Calculate the remainder when 21 is divided by l.
1
Let g(j) = 50*j**2 + 8*j - 54. What is the remainder when g(4) is divided by 33?
19
Suppose -3*f - 6*c - 5487 = -9*c, 2*c + 5462 = -3*f. Calculate the remainder when ((f/(-18))/(-1))/(4/(-6)) is divided by 62.
28
What is the remainder when 3902 is divided by 12 - -12 - 1*13?
8
Suppose -10*p + 156 = -3*p + 135. What is the remainder when 761 is divided by p?
2
Let o be (81/54)/((-6)/(-28)). Let a(w) = -2*w + 56. What is the remainder when 80 is divided by a(o)?
38
Calculate the remainder when (-203)/406*-12*412 + -1 + -2 is divided by 13.
12
Let g = -3929 - -4195. What is the remainder